der when y is divided by r.
0
Let m(c) = 15 - 11*c - 19 - 6*c. What is the remainder when m(-7) is divided by 39?
37
Suppose 4 = -2*d + 18. Calculate the remainder when d is divided by 3.
1
Let c be (-4)/(-14) - 2736/21. Let t = -33 - c. What is the remainder when t is divided by 25?
22
Suppose 0 = -5*v + 3*v + 50. Calculate the remainder when 97 is divided by v.
22
Let i(v) = -5*v**3 - v**2 + 3*v + 4. Let t(r) = -r**2 - 10*r + 1. Let u be t(-6). Let n = u + -16. What is the remainder when n is divided by i(-1)?
4
Let y(z) = 1 + 14 - 5 - z**2 + z. Let w be y(0). Suppose -w - 3 = 4*k - 5*c, -3 = 4*k - 3*c. What is the remainder when 10 is divided by k?
1
Suppose 3*i + 2*k = 55, 6*i - 117 = i + 3*k. Let f = -2 + 5. Suppose -3*n - 3*v = -30, f*v = 5*n - 9 - 49. Calculate the remainder when i is divided by n.
10
Let o(i) = 4*i**2 + 11*i - 13. Let z(p) = -3*p**2 - 12*p + 13. Let c(x) = -4*o(x) - 5*z(x). What is the remainder when c(11) is divided by 22?
20
Let v(q) = -q**2 - q + 10. Calculate the remainder when 9 is divided by v(-3).
1
Let s be (-2)/((-3)/(-42)*-2). Suppose s = c + c. What is the remainder when 11 is divided by c?
4
Let u = 3 + 2. Suppose 2*m = u*h + 50 + 8, 4 = -h. Let f = -9 + m. Calculate the remainder when 29 is divided by f.
9
What is the remainder when 35 is divided by 1/(51/(-54) - -1)?
17
Suppose -4*w = -1 - 31. Calculate the remainder when w is divided by 7.
1
Suppose -2*q + 58 = -5*g, -9 - 59 = -4*q - 2*g. Calculate the remainder when 56 is divided by q.
18
Let p = 12 + -6. Let n(z) = -z**2 + 5*z + 8. Let c be n(p). Let l = c + 6. What is the remainder when l is divided by 5?
3
Let y(a) = a + 15. Let q(i) = i**2 + 2. Let k be q(0). Suppose -k*o = -7*o. What is the remainder when 28 is divided by y(o)?
13
Suppose -b + 5*z - 4 - 5 = 0, 0 = -3*b + z + 43. Suppose 2*r - b = -2*r. Calculate the remainder when r is divided by 2.
0
Let n(x) = -31*x. Suppose 24 = 4*l - 5*g, -3*l - 3*g + g + 41 = 0. What is the remainder when n(-1) is divided by l?
9
Let z = -10 - -12. What is the remainder when 4 is divided by z?
0
Let g(z) = z**3 - 4*z. Suppose -5*j + 16 + 11 = -4*r, 2*r + 15 = 3*j. Calculate the remainder when 44 is divided by g(j).
14
Let p(q) = -q - 8. Let g be p(-8). Suppose g = -4*c + 3*c + 12. Suppose 85 = 2*w - 3*y, 4*w + 0*w - 145 = y. What is the remainder when w is divided by c?
11
Let i be 1/3 + 6/9. Let u = 1 + i. Suppose -u*w + 270 = 3*w. Calculate the remainder when w is divided by 28.
26
Let q(b) = -b**2 - 5*b - 3. What is the remainder when q(-4) is divided by (-2)/2 - (3 - 5)?
0
Let a = 4 - 4. Suppose 0*n + 2*n - 14 = a. Calculate the remainder when 13 is divided by n.
6
Suppose 14 + 1 = 5*s. Suppose 12 + 99 = s*f. What is the remainder when f is divided by 10?
7
Let y(k) = -2*k - 4. Calculate the remainder when y(-9) is divided by 9.
5
Let z(b) be the second derivative of b**4/12 + 3*b**3/2 + 7*b**2/2 - 6*b. What is the remainder when z(-9) is divided by (-60)/(-14) - (-2)/(-7)?
3
Let i(f) = f**2 - 3*f + 2. Let v be i(4). Suppose 2*l = 5*h - 72, -l = -4*h - v*l + 51. Calculate the remainder when 27 is divided by h.
13
Let x = 120 - 55. Calculate the remainder when x is divided by 17.
14
Let r = -5 + 17. Suppose -2*y + 4*m - 14 + 4 = 0, 5*m = 3*y + 10. Calculate the remainder when r is divided by y.
2
Let a = -16 + 27. What is the remainder when 20 is divided by a?
9
Suppose -60 = 6*p - 11*p. Calculate the remainder when 58 is divided by p.
10
Let k(m) = -m**2 + 4*m - 1. Let p be k(4). Calculate the remainder when 47 is divided by 1*p - (-20 + 3).
15
Let h = 8 - 4. Calculate the remainder when h is divided by 2.
0
Calculate the remainder when 5 - 3 - (-295)/5 is divided by 31.
30
Let p = 147 - 81. Suppose -5*n - 2*m = 2*m - p, -2*n = 5*m - 23. Calculate the remainder when n is divided by 5.
4
Let t(b) = -b**3 + 10*b**2 + 15*b - 8. Calculate the remainder when t(11) is divided by 21.
15
Let y(a) = -3*a - 6. Let w be y(-6). Suppose -6*g = -2*g + 5*j - 51, 5*j + w = 3*g. Let k = 28 + -13. Calculate the remainder when k is divided by g.
6
Let r = 7 - 6. Suppose -5*i = 15 - 0. What is the remainder when 34 is divided by r + i - -16 - 2?
10
Let d = 2 + 3. Suppose -65 - 130 = -d*u. Calculate the remainder when u is divided by 21.
18
Suppose 34 = 4*i + 3*q, -42 = -2*i + 3*q - 16. Let y = 4 + 15. What is the remainder when y is divided by i?
9
Let u be (-258)/8 - 1/(-4). Let d = -11 - u. Calculate the remainder when d is divided by ((-3)/(-2))/(33/242).
10
Suppose 2*b = -2*z + 206, -b + 0*z = 4*z - 112. What is the remainder when b is divided by 26?
22
Let h = -2 - -5. Calculate the remainder when 47 is divided by h*(-2 + 44/6).
15
Suppose 3*p + 2*t + 3*t - 6 = 0, 0 = -2*p + t + 4. Calculate the remainder when p/7 + (-12)/(-7) is divided by 1.
0
Let d(t) = t**3 + 2*t**2 + t + 2. Let h be d(-2). Suppose k - 9 = -h. Calculate the remainder when 34 is divided by k.
7
Suppose 3*j = 2*j + 40. Suppose -j = -4*m - 0*m. What is the remainder when 92/m - (-2)/(-10) is divided by 5?
4
Let f = 309 - 203. Calculate the remainder when f is divided by 10.
6
Let z be -3 - -4 - 0 - 0. Let b = z - -1. Suppose 2*a + 3*n - 25 = b*n, 3*a = -5*n + 27. What is the remainder when a is divided by 5?
4
Calculate the remainder when 57 is divided by ((-10)/25)/(3/10)*-15.
17
Let q(m) = -m**2 + 6*m + 5. Let t be q(6). Suppose t*p + 2*v + 2*v = -46, 5*p - 2*v = -22. Calculate the remainder when -14*(-3 - p/4) is divided by 11.
10
Let t(c) = c. Let a be t(-1). What is the remainder when 22 is divided by 12*((-4)/a + -3)?
10
Suppose -38 = -3*o - 2*a + 45, 0 = 3*a + 15. Let c = -43 + o. Let k = c + 24. What is the remainder when 47 is divided by k?
11
Let q be (-1 - 1 - -1)*0. Let y be 12/3 + q - 1. Suppose f - 4 = y. Calculate the remainder when 25 is divided by f.
4
Suppose 0 = 3*d - 0*d - 60. What is the remainder when d is divided by 7?
6
Let l = -4 - -9. Suppose -g - 14 = -f, 2*f - l*g + 21 = 4*f. What is the remainder when 110/3 + (-1)/(-3) is divided by f?
11
Suppose 297 = i + i - 5*w, 5*w = -2*i + 247. Suppose 25 - i = -3*f + 5*h, 3*h = 9. Suppose -2 + f = 2*j. What is the remainder when j is divided by 7?
6
Suppose -3 + 18 = 3*n - d, 5*d + 5 = n. Let j be 31/n + 7/(-35). Suppose -j*m + m + 25 = 0. Calculate the remainder when 17 is divided by m.
2
Let f(r) = 11*r - 3. Let p = 4 - 6. Calculate the remainder when f(4) is divided by 14/(p + 0 - -3).
13
Let g = 38 - 25. Calculate the remainder when (-19)/3*(-4 + -2) is divided by g.
12
Let n(y) = y**2 + 9*y + 3. Let o(l) = 2*l**2 + 19*l + 6. Let u(a) = 7*n(a) - 4*o(a). Calculate the remainder when u(-5) is divided by 13.
11
Suppose -3 + 1 = -2*g. Let q = 4 + g. What is the remainder when q is divided by 4?
1
Let t(q) = -6*q + 1. What is the remainder when 25 is divided by t(-1)?
4
Let f(y) = y. Let g = -24 + 10. What is the remainder when -2 - (g - (-1 - -2)) is divided by f(5)?
3
Let v be -1 + ((-4)/2)/(-2). Suppose -2*h + 6*h - 32 = v. Let m(k) = k**2 - 7*k + 9. Calculate the remainder when h is divided by m(6).
2
Suppose -2*x + 4*s = -68, 0 = -2*x + 2*s + 35 + 25. What is the remainder when x is divided by 9?
8
Let b = -49 - -60. Let y be (3/(-2) - -1)*6. What is the remainder when ((-2)/y)/(1/30) is divided by b?
9
Suppose -3*s + 47 - 19 = 4*u, -s + u + 7 = 0. Calculate the remainder when (-568)/(-26) + (-10)/(-65) is divided by s.
6
Let n(z) = 9*z + 1. Let m be n(5). Let f be (-36)/48 - m/(-8). Suppose -f*c + d = -135, -108 = -4*c + d + 2*d. Calculate the remainder when 79 is divided by c.
25
Suppose -3*h = -151 + 43. What is the remainder when h is divided by 13?
10
Let b(r) = 2*r**3 - 9*r**2 + 10*r + 4. Calculate the remainder when b(5) is divided by 40.
39
Suppose 14*x + 254 = 1192. Calculate the remainder when x is divided by 36.
31
Let c(g) = -1 - 3*g**2 + 4*g**2 + g**2 - 4*g. Let y be c(6). Suppose -v = -0*v - y. What is the remainder when v is divided by 16?
15
Suppose 2*d - 22 - 8 = 0. What is the remainder when 104 is divided by d?
14
Suppose -3*r + 56 = -91. What is the remainder when 143 is divided by r?
45
Let z = 13 + 19. Suppose 0 = -0*y - 8*y + 136. Calculate the remainder when z is divided by y.
15
Suppose 4*n = -4*d + 3*d + 56, -3*n + 9 = 0. Let s(y) = -3*y**2 + y - 3. L